{"id":2156,"date":"2022-04-05T04:56:15","date_gmt":"2022-04-05T04:56:15","guid":{"rendered":"http:\/\/gismod.360websitedemo.com\/cyprus\/?page_id=2156"},"modified":"2023-01-16T16:41:47","modified_gmt":"2023-01-16T16:41:47","slug":"our-athletes","status":"publish","type":"page","link":"https:\/\/gismodcommerce.com\/cyprus\/our-athletes\/","title":{"rendered":"Our Athletes"},"content":{"rendered":"\t\t<div data-elementor-type=\"wp-page\" data-elementor-id=\"2156\" class=\"elementor elementor-2156\">\n\t\t\t\t\t\t\t\t\t<section class=\"elementor-section elementor-top-section elementor-element elementor-element-1813a83 elementor-section-full_width vs-about-wrapper elementor-section-height-default elementor-section-height-default\" data-id=\"1813a83\" data-element_type=\"section\" data-settings=\"{&quot;background_background&quot;:&quot;classic&quot;}\">\n\t\t\t\t\t\t\t<div class=\"elementor-background-overlay\"><\/div>\n\t\t\t\t\t\t\t<div class=\"elementor-container elementor-column-gap-no\">\n\t\t\t\t\t<div class=\"elementor-column elementor-col-100 elementor-top-column elementor-element elementor-element-0141232\" data-id=\"0141232\" data-element_type=\"column\">\n\t\t\t<div class=\"elementor-widget-wrap elementor-element-populated\">\n\t\t\t\t\t\t\t\t<section class=\"elementor-section elementor-inner-section elementor-element elementor-element-5c4b2c8 elementor-section-content-middle elementor-section-boxed elementor-section-height-default elementor-section-height-default\" data-id=\"5c4b2c8\" data-element_type=\"section\">\n\t\t\t\t\t\t<div class=\"elementor-container elementor-column-gap-no\">\n\t\t\t\t\t<div class=\"elementor-column elementor-col-50 elementor-inner-column elementor-element elementor-element-e4932d7\" data-id=\"e4932d7\" data-element_type=\"column\">\n\t\t\t<div class=\"elementor-widget-wrap elementor-element-populated\">\n\t\t\t\t\t\t\t\t<div class=\"elementor-element elementor-element-8484bc6 elementor-pagination-position-outside elementor-widget elementor-widget-image-carousel\" data-id=\"8484bc6\" data-element_type=\"widget\" data-settings=\"{&quot;slides_to_show&quot;:&quot;1&quot;,&quot;navigation&quot;:&quot;dots&quot;,&quot;autoplay&quot;:&quot;yes&quot;,&quot;pause_on_hover&quot;:&quot;yes&quot;,&quot;pause_on_interaction&quot;:&quot;yes&quot;,&quot;autoplay_speed&quot;:5000,&quot;infinite&quot;:&quot;yes&quot;,&quot;effect&quot;:&quot;slide&quot;,&quot;speed&quot;:500}\" data-widget_type=\"image-carousel.default\">\n\t\t\t\t<div class=\"elementor-widget-container\">\n\t\t\t<style>\/*! elementor - v3.14.0 - 26-06-2023 *\/\n.elementor-widget-image-carousel .swiper,.elementor-widget-image-carousel .swiper-container{position:static}.elementor-widget-image-carousel .swiper-container .swiper-slide figure,.elementor-widget-image-carousel .swiper .swiper-slide figure{line-height:inherit}.elementor-widget-image-carousel .swiper-slide{text-align:center}.elementor-image-carousel-wrapper:not(.swiper-container-initialized):not(.swiper-initialized) .swiper-slide{max-width:calc(100% \/ var(--e-image-carousel-slides-to-show, 3))}<\/style>\t\t<div class=\"elementor-image-carousel-wrapper swiper-container\" dir=\"ltr\">\n\t\t\t<div class=\"elementor-image-carousel swiper-wrapper\" aria-live=\"off\">\n\t\t\t\t\t\t\t\t<div class=\"swiper-slide\" role=\"group\" aria-roledescription=\"slide\" aria-label=\"1 of 2\"><figure class=\"swiper-slide-inner\"><img decoding=\"async\" class=\"swiper-slide-image\" src=\"https:\/\/gismodcommerce.com\/cyprus\/wp-content\/uploads\/sites\/3\/2022\/06\/m-01-500x370.jpg\" alt=\"m-01\" \/><\/figure><\/div><div class=\"swiper-slide\" role=\"group\" aria-roledescription=\"slide\" aria-label=\"2 of 2\"><figure class=\"swiper-slide-inner\"><img decoding=\"async\" class=\"swiper-slide-image\" src=\"https:\/\/gismodcommerce.com\/cyprus\/wp-content\/uploads\/sites\/3\/2022\/06\/m-02-500x370.jpg\" alt=\"m-02\" \/><\/figure><\/div>\t\t\t<\/div>\n\t\t\t\t\t\t\t\n\t\t\t\t\t\t\t\t\t<div class=\"swiper-pagination\"><\/div>\n\t\t\t\t\t\t\t\t\t<\/div>\n\t\t\t\t<\/div>\n\t\t\t\t<\/div>\n\t\t\t\t\t<\/div>\n\t\t<\/div>\n\t\t\t\t<div class=\"elementor-column elementor-col-50 elementor-inner-column elementor-element elementor-element-c045f74\" data-id=\"c045f74\" data-element_type=\"column\">\n\t\t\t<div class=\"elementor-widget-wrap elementor-element-populated\">\n\t\t\t\t\t\t\t\t<div class=\"elementor-element elementor-element-e188074 elementor-widget elementor-widget-foodeliosectiontitle\" data-id=\"e188074\" data-element_type=\"widget\" data-widget_type=\"foodeliosectiontitle.default\">\n\t\t\t\t<div class=\"elementor-widget-container\">\n\t\t\t<!-- Section Title --><div class=\"section-title text-left\" ><h3 class=\"sec-title2 title-selector\">S\u00fcleyman HAL\u0130L\u0130BRAH\u0130M <\/h3><img decoding=\"async\" src=\"https:\/\/gismodcommerce.com\/cyprus\/wp-content\/uploads\/2021\/03\/sec-icon-1.png\" alt=\"sec icon 1\"  \/><\/div><!-- End Section Title -->\t\t<\/div>\n\t\t\t\t<\/div>\n\t\t\t\t<div class=\"elementor-element elementor-element-8de56d5 elementor-widget elementor-widget-text-editor\" data-id=\"8de56d5\" data-element_type=\"widget\" data-widget_type=\"text-editor.default\">\n\t\t\t\t<div class=\"elementor-widget-container\">\n\t\t\t<style>\/*! elementor - v3.14.0 - 26-06-2023 *\/\n.elementor-widget-text-editor.elementor-drop-cap-view-stacked .elementor-drop-cap{background-color:#69727d;color:#fff}.elementor-widget-text-editor.elementor-drop-cap-view-framed .elementor-drop-cap{color:#69727d;border:3px solid;background-color:transparent}.elementor-widget-text-editor:not(.elementor-drop-cap-view-default) .elementor-drop-cap{margin-top:8px}.elementor-widget-text-editor:not(.elementor-drop-cap-view-default) .elementor-drop-cap-letter{width:1em;height:1em}.elementor-widget-text-editor .elementor-drop-cap{float:left;text-align:center;line-height:1;font-size:50px}.elementor-widget-text-editor .elementor-drop-cap-letter{display:inline-block}<\/style>\t\t\t\t<ul>\n \t<li>He is the founder of PTCLUB, and has coaching experience on fitness and bodybuilding in national and international fields for about +10 years.<\/li>\n \t<li>S\u00fcleyman has trained more than 1000 athletes across the world, including distance and personal trainig as well as expert assistant coaching.<\/li>\n \t<li>S\u00fcleyman is not only a Master-Level Trainer, but also a referee in national fitness and bodybuilding competitions organised by the TRNC Weightlifting and Bodybuilding Federation.<\/li>\n<\/ul>\t\t\t\t\t\t<\/div>\n\t\t\t\t<\/div>\n\t\t\t\t\t<\/div>\n\t\t<\/div>\n\t\t\t\t\t\t\t<\/div>\n\t\t<\/section>\n\t\t\t\t<section class=\"elementor-section elementor-inner-section elementor-element elementor-element-0117a73 elementor-section-content-middle elementor-section-boxed elementor-section-height-default elementor-section-height-default\" data-id=\"0117a73\" data-element_type=\"section\">\n\t\t\t\t\t\t<div class=\"elementor-container elementor-column-gap-no\">\n\t\t\t\t\t<div class=\"elementor-column elementor-col-50 elementor-inner-column elementor-element elementor-element-3d1510b\" data-id=\"3d1510b\" data-element_type=\"column\">\n\t\t\t<div class=\"elementor-widget-wrap elementor-element-populated\">\n\t\t\t\t\t\t\t\t<div class=\"elementor-element elementor-element-dca3754 elementor-widget elementor-widget-foodeliosectiontitle\" data-id=\"dca3754\" data-element_type=\"widget\" data-widget_type=\"foodeliosectiontitle.default\">\n\t\t\t\t<div class=\"elementor-widget-container\">\n\t\t\t<!-- Section Title --><div class=\"section-title text-left\" ><h3 class=\"sec-title2 title-selector\">Nurcan \u00d6ZATILGAN<\/h3><img decoding=\"async\" src=\"https:\/\/gismodcommerce.com\/cyprus\/wp-content\/uploads\/2021\/03\/sec-icon-1.png\" alt=\"sec icon 1\"  \/><\/div><!-- End Section Title -->\t\t<\/div>\n\t\t\t\t<\/div>\n\t\t\t\t<div class=\"elementor-element elementor-element-91d1dce elementor-widget elementor-widget-text-editor\" data-id=\"91d1dce\" data-element_type=\"widget\" data-widget_type=\"text-editor.default\">\n\t\t\t\t<div class=\"elementor-widget-container\">\n\t\t\t\t\t\t\t<ul>\n \t<li>She was born on September 23, 1993 in Nicosia and is the founder of Studio EUPHORIA.<\/li>\n \t<li>She was involved in sports from a young age. She started her sports life at the age of 4. After experiencing gymnastics, dance, swimming, she took part in the Near East University Volleyball team for many years.<\/li>\n \t<li>\u00d6zat\u0131lgan continues her career as a TRX trainer and sports trainer for more than 10 years.<\/li>\n<li>She has been attending many trainings in the Cyprus and Turkey.<\/li>\n<\/ul>\t\t\t\t\t\t<\/div>\n\t\t\t\t<\/div>\n\t\t\t\t\t<\/div>\n\t\t<\/div>\n\t\t\t\t<div class=\"elementor-column elementor-col-50 elementor-inner-column elementor-element elementor-element-24f319d\" data-id=\"24f319d\" data-element_type=\"column\">\n\t\t\t<div class=\"elementor-widget-wrap elementor-element-populated\">\n\t\t\t\t\t\t\t\t<div class=\"elementor-element elementor-element-cf1933a elementor-pagination-position-outside elementor-widget elementor-widget-image-carousel\" data-id=\"cf1933a\" data-element_type=\"widget\" data-settings=\"{&quot;slides_to_show&quot;:&quot;1&quot;,&quot;navigation&quot;:&quot;dots&quot;,&quot;autoplay&quot;:&quot;yes&quot;,&quot;pause_on_hover&quot;:&quot;yes&quot;,&quot;pause_on_interaction&quot;:&quot;yes&quot;,&quot;autoplay_speed&quot;:5000,&quot;infinite&quot;:&quot;yes&quot;,&quot;effect&quot;:&quot;slide&quot;,&quot;speed&quot;:500}\" data-widget_type=\"image-carousel.default\">\n\t\t\t\t<div class=\"elementor-widget-container\">\n\t\t\t\t\t<div class=\"elementor-image-carousel-wrapper swiper-container\" dir=\"ltr\">\n\t\t\t<div class=\"elementor-image-carousel swiper-wrapper\" aria-live=\"off\">\n\t\t\t\t\t\t\t\t<div class=\"swiper-slide\" role=\"group\" aria-roledescription=\"slide\" aria-label=\"1 of 2\"><figure class=\"swiper-slide-inner\"><img decoding=\"async\" class=\"swiper-slide-image\" src=\"https:\/\/gismodcommerce.com\/cyprus\/wp-content\/uploads\/sites\/3\/2022\/06\/f-02.jpg\" alt=\"f-02\" \/><\/figure><\/div><div class=\"swiper-slide\" role=\"group\" aria-roledescription=\"slide\" aria-label=\"2 of 2\"><figure class=\"swiper-slide-inner\"><img decoding=\"async\" class=\"swiper-slide-image\" src=\"https:\/\/gismodcommerce.com\/cyprus\/wp-content\/uploads\/sites\/3\/2022\/06\/f-01.jpg\" alt=\"f-01\" \/><\/figure><\/div>\t\t\t<\/div>\n\t\t\t\t\t\t\t\n\t\t\t\t\t\t\t\t\t<div class=\"swiper-pagination\"><\/div>\n\t\t\t\t\t\t\t\t\t<\/div>\n\t\t\t\t<\/div>\n\t\t\t\t<\/div>\n\t\t\t\t\t<\/div>\n\t\t<\/div>\n\t\t\t\t\t\t\t<\/div>\n\t\t<\/section>\n\t\t\t\t\t<\/div>\n\t\t<\/div>\n\t\t\t\t\t\t\t<\/div>\n\t\t<\/section>\n\t\t\t\t\t\t\t<\/div>\n\t\t","protected":false},"excerpt":{"rendered":"<p>S\u00fcleyman HAL\u0130L\u0130BRAH\u0130M He is the founder of PTCLUB, and has coaching experience on fitness and bodybuilding in national and international fields for about +10 years. S\u00fcleyman has trained more than 1000 athletes across the world, including distance and personal trainig as well as expert assistant coaching. S\u00fcleyman is not only a Master-Level Trainer, but also&#8230;<\/p>\n","protected":false},"author":1,"featured_media":0,"parent":0,"menu_order":0,"comment_status":"closed","ping_status":"closed","template":"","meta":[],"_links":{"self":[{"href":"https:\/\/gismodcommerce.com\/cyprus\/wp-json\/wp\/v2\/pages\/2156"}],"collection":[{"href":"https:\/\/gismodcommerce.com\/cyprus\/wp-json\/wp\/v2\/pages"}],"about":[{"href":"https:\/\/gismodcommerce.com\/cyprus\/wp-json\/wp\/v2\/types\/page"}],"author":[{"embeddable":true,"href":"https:\/\/gismodcommerce.com\/cyprus\/wp-json\/wp\/v2\/users\/1"}],"replies":[{"embeddable":true,"href":"https:\/\/gismodcommerce.com\/cyprus\/wp-json\/wp\/v2\/comments?post=2156"}],"version-history":[{"count":58,"href":"https:\/\/gismodcommerce.com\/cyprus\/wp-json\/wp\/v2\/pages\/2156\/revisions"}],"predecessor-version":[{"id":3378,"href":"https:\/\/gismodcommerce.com\/cyprus\/wp-json\/wp\/v2\/pages\/2156\/revisions\/3378"}],"wp:attachment":[{"href":"https:\/\/gismodcommerce.com\/cyprus\/wp-json\/wp\/v2\/media?parent=2156"}],"curies":[{"name":"wp","href":"https:\/\/api.w.org\/{rel}","templated":true}]}}